*3/2 - 17*l. Let d(y) be the second derivative of h(y). Calculate d(-1).
25
Suppose 165 + 335 = 50*k. Let r(x) = -2*x + 5. Calculate r(k).
-15
Let u(i) = 1 - i**2 - 4*i + i**3 + 1 + 3*i. Let y(j) = -j**2 - 19*j - 2. Let h be y(0). Determine u(h).
-8
Let v be 4/18 - 70/(-9). Let q(g) = -g - 2 + 2 - v*g**2. Let t be (-4)/3 - -2 - 135/81. Calculate q(t).
-7
Let z(r) = -3 + 2*r - 5*r - 4*r**2 + r**3 - 2*r**3. Suppose -5*p - 24 = 3*v, 5*p - 7 = 2*v - 16. What is z(p)?
-3
Let j(k) = -4*k - 1. Let y(i) = 2*i**2 - 27*i + 12. Let m be y(13). Calculate j(m).
3
Let q(z) = -14*z**2 + 4*z + 1. Let c(k) = 29*k**2 - 9*k - 2. Let p(d) = 2*c(d) + 5*q(d). What is p(-1)?
-13
Let f(t) = t**3 - 3*t**2 - 6*t + 2. Let m(h) = -h**2 + 4*h + 18. Let q be m(9). Let x be 6*6*(-3)/q. Calculate f(x).
-6
Let w(n) = -2*n - 10. Let p = -527 - -524. Determine w(p).
-4
Let g(n) = -5*n**2 - 3*n + 1. Suppose 7*w - 5 = -26. Calculate g(w).
-35
Let o = 7 + -11. Let l(z) be the third derivative of 0*z + 5*z**2 + z**3 + 1/6*z**4 + 0. What is l(o)?
-10
Let u(x) be the first derivative of -x**2/2 - 4*x + 138. Determine u(3).
-7
Let n(h) = 12*h**3 - 4*h**2 + 5*h - 5. Let o be n(2). Let c = o + -90. Let s(f) = f**3 + 5*f**2 - 4*f - 1. Calculate s(c).
19
Let k(n) = n**3 + 12*n**2 + 9*n - 21. Let d = -1857 + 1846. Give k(d).
1
Let d(n) = -n**2 + 3*n - 5. Suppose 0 = -53*a + 45*a. Let y = -3 - -5. Suppose a = -y*h + 5*h - 3, 0 = -5*i - 5*h + 25. What is d(i)?
-9
Let p(j) = -10 + 17 - 2 + j. Determine p(0).
5
Let h(n) = n + 5 - n**3 + n**2 + 5*n - 1 - 7*n. Let m(u) = u**3 + 13*u**2 + 13*u + 12. Let x be m(-12). Calculate h(x).
4
Suppose -t + 3*r + r + 57 = 0, -207 = -3*t + 3*r. Let h = t + -84. Let x(n) = -n**2 - 11*n - 9. What is x(h)?
-9
Suppose -3*x + 4*k - 9*k + 48 = 0, -3*k = 5*x - 80. Let u(p) = p**2 - 13*p - 23. Determine u(x).
25
Let v(r) = -3*r**2 - 17*r. Let k(h) = -2*h**2 - 15*h. Let c(t) = -4*k(t) + 3*v(t). Determine c(8).
8
Suppose 0 = 4*g - 2*g + 6, -57 = -3*a - 2*g. Suppose 0*s + a = 7*s. Let f(k) = -4 + 1 - 6*k + 4. Give f(s).
-17
Let y(r) = 1 + 5 - 26*r + 27*r. Let b(j) = -j**2 + 6*j + 7. Let d be b(7). Calculate y(d).
6
Let l(j) = -j**3 + 9*j**2 - 7*j - 5. Suppose 3*z = 24 - 0. Let k be l(z). Let y(r) = -r**2 + 2*r - 4. Calculate y(k).
-7
Let b = -38 - -46. Let g(i) = 3*i - 28. Let h be g(b). Let u(w) be the third derivative of w**5/60 + 5*w**4/24 - w**3/6 - 2*w**2. What is u(h)?
-5
Let d(g) = 10*g - 48. Let c be d(6). Suppose 0 = c*n - 8*n - 16. Let z(r) = -r**3 + 3*r**2 + 3*r + 5. Calculate z(n).
1
Suppose -8*u + 4 = -4*u. Let c(j) = -2*j**3 + 3*j**2 - 2*j. Determine c(u).
-1
Let t(l) = -l**3 - 3*l**2 + 2*l + 2. Suppose 0 - 5 = -q. Let r = q - 7. What is t(r)?
-6
Let q(w) = 2*w + 5. Let x(c) = c**3 + 12*c**2 - 16*c - 8. Let d be x(-13). Suppose d*k = 29*k - 12. Determine q(k).
-7
Suppose 8*a - 10 = 3*a. Suppose 1 = d + 5*m, -4*m + 2 = 3*d - a*d. Let w(o) be the third derivative of -o**5/60 + o**4/4 + 7*o**3/6 - 5*o**2. Determine w(d).
7
Let f(j) = -4*j - 2. Let s(l) be the third derivative of l**4/24 - l**3/3 - 3*l**2. Let m be s(5). Suppose -d = -3*p + 4 - 12, m*d = 3*p + 12. Determine f(d).
-10
Let z(s) = -6*s + 9*s**2 + 7*s**2 - 7 + 11*s**2 + 12*s**2 - 38*s**2. Let n = -8 - -14. Give z(n).
-7
Suppose 43*j - 57 = 24*j. Let n(m) be the first derivative of -4 - 5/2*m**2 + 1/3*m**j + 6*m. Calculate n(5).
6
Let f(y) = -7*y - 2. Let t(v) = -46*v - 13. Let c(o) = -14*f(o) + 2*t(o). Calculate c(2).
14
Let c(u) = 4*u**2 - 21*u - 32. Let r(j) = 5*j**2 - 23*j - 31. Let i(f) = 4*c(f) - 3*r(f). What is i(17)?
-1
Let o(a) = -7*a**2 - 8*a - 212 - a**3 + 105 + 102. Calculate o(-6).
7
Let y be ((-6)/(-4))/(10/20). Suppose -33 = -2*b + l + 2*l, y*b - l - 32 = 0. Let n(m) = -m + 13. Calculate n(b).
4
Let z(s) = -9*s + 18. Let x(q) = -4*q + 9. Let o(j) = 7*x(j) - 3*z(j). Give o(0).
9
Let h(z) be the first derivative of 0*z**2 - 1/120*z**5 + 0*z - 3 - 2/3*z**3 - 1/12*z**4. Let s(y) be the third derivative of h(y). What is s(4)?
-6
Let c(u) = 4*u - 2. Suppose 6 = 4*f - 3*f + 3*g, -5*f = -2*g + 21. Let k be 2 + f/((-3)/(-4)). Determine c(k).
-10
Let y(k) = -k**2 + 9*k + 10. Let i be 2*(-58)/(-12) - (-4)/12. What is y(i)?
0
Let x(b) = -b**3 + 2*b - 303 + 0*b**3 + 321. Determine x(0).
18
Let n(z) = -z**3 - z**2. Let t(s) = -s**3 + 3*s**2 + 5*s + 1. Let u(m) = 2*n(m) - t(m). Calculate u(-4).
3
Let c be -9 + 5*42/35. Let j(w) be the first derivative of w**3/3 + 3*w**2/2 - 2*w - 1. What is j(c)?
-2
Let t(k) = 9*k**3 - 415*k**2 + 415*k**2 - k + 1. Calculate t(1).
9
Suppose -16*n + 31 = -17. Let h(t) = -t**2 + 6*t. Calculate h(n).
9
Let t(z) = -52*z - 8. Let r be t(-5). Suppose -9*n + 3*n = r. Let d be 3/(-9)*n/7. Let y(q) = -q**3 + q**2 - 3*q + 3. Determine y(d).
-7
Let o(z) = -z - 20 - 33 + 53. Let v(w) be the second derivative of w**4/12 + 5*w**3/6 + 5*w**2/2 - w. Let t be v(-4). Determine o(t).
-1
Let c(l) be the first derivative of -3*l**4/4 + l**3 - l**2/2 - 2. Let s(a) = -a**3 - a**2 - 161*a - 324. Let o be s(-2). Give c(o).
-14
Let z(u) = u**3 - 11*u**2 + 9*u + 6. Suppose 5*d + 4*w = 64, -3*w = -7*d + 3*d + 45. Let g(c) = -c**3 + 11*c**2 + 15*c - 26. Let v be g(d). Give z(v).
-4
Let t(k) = 26*k**3 - 3*k - 3*k**2 - 2 - 47*k**3 + 23*k**3. What is t(-2)?
-24
Suppose 9 = 3*f - j - 2*j, 5*f - 4*j = 15. Let o be 24/(-18)*1*f. Let z(s) = 3 + 0 + 4 + s. What is z(o)?
3
Let i(a) = 2*a - a + 0*a. Suppose 3*k + 4*g - 3 = 0, -13 = -5*k - 3*g - g. Give i(k).
5
Let h(g) = g**3 + 5*g**2 + 2*g + 1. Let a be ((-10)/(-3))/(6/(-9)). What is h(a)?
-9
Let y(w) = w + 0*w - 19 + 5 + 29 - 5. Determine y(4).
14
Let t(l) = l - 4. Suppose 0 = -4*d - 11 + 43. Let f be ((12/d)/3)/((-1)/(-12)). Determine t(f).
2
Suppose -278*q = -270*q - 32. Let a(t) be the second derivative of 0 + 1/12*t**q - 3*t**2 + 5/6*t**3 - 2*t. Determine a(-6).
0
Let y(w) be the third derivative of -w**4/12 - 5*w**3/3 - 2*w**2 + 23*w. Give y(-8).
6
Let x(b) = 3*b**2 + 3*b + 1. Let m(j) = 2*j - 4. Let c be m(3). Suppose -2*a = 2*p - 8, 0 = c*a - 8 - 2. Let h be (-2)/(p - -2 - 0). Give x(h).
7
Let k(o) = o - 10. Suppose -34*v + 31*v + 30 = 0. What is k(v)?
0
Let z(i) be the second derivative of -i**4/6 + 5*i**3/6 - i**2 + 17*i. Give z(4).
-14
Let c(z) = z**3 + 3*z**2 + 2. Let t = -17 + 22. Suppose 7*d - 2*d - 27 = 4*q, 4*d = t*q + 27. What is c(q)?
2
Suppose 11*w - 16*w = 0. Suppose w = -0*p - 2*p + 14. Let y(r) = -r**2 + 8*r - 3. Give y(p).
4
Let l(n) = -n**2 - 4*n + 1. Let q be l(-4). Let d(c) = c - c**2 - q + 0*c + 0*c. What is d(2)?
-3
Let x be 2 - 9 - 12/(-1). Let u(l) = l**2 + l - 9. Give u(x).
21
Let f(w) = -2*w + 1. Let g be f(-1). Suppose -g*n = -n + 10. Let b(y) = 2*y + 7. Calculate b(n).
-3
Let i(k) = -k**3 - 4*k**2 - 2*k - 6. Let z(u) = -6*u - 8. Let w(v) = 2*v + 13. Let q be w(-10). Let o be z(q). Suppose 0 = -5*b + 14 - o. Calculate i(b).
2
Let d(n) = -2 + 0*n - n + 3. Let t = -1497 - -1492. Calculate d(t).
6
Let a(r) = r**2 + r. Let v = 65 - 66. Determine a(v).
0
Let q(r) = -3*r + 7. Let v(n) = -n**3 + 13*n**2 - 24*n + 150. Let a be v(12). Determine q(a).
-11
Suppose 4*a = 3*m + 6 + 24, -3*a + 16 = m. Let s be 6/9 - 16/a. Let k(h) = -2*h**2 + 5*h - h**3 - 3*h - 4 - 2 + 9. What is k(s)?
-1
Let u(b) be the first derivative of -b**3/2 + 3*b**2/2 + 9*b - 5. Let v(t) be the first derivative of u(t). Give v(-4).
15
Let z(s) = -15*s. Let t = -201 + 202. What is z(t)?
-15
Let y(h) = -2*h**3 + 4*h**2 - 18 + 2*h**3 + h**3 + 22 - 4*h. What is y(3)?
55
Let u(v) = v**2 + 5*v - 52. Suppose 60*q = -445 - 155. Give u(q).
-2
Let n(z) be the first derivative of z**4/4 - 2*z**3 - 5*z**2/2 + 3*z + 36. Determine n(6).
-27
Let b be (-6 - 1)*1*1. Let z be (2/(-5))/(b/35). Let t(v) = 6 + 2*v + 8*v**2 - z*v - v**3 - 9*v. Calculate t(7).
-8
Let q(w) = -w - 1. Let p(n) = -9*n + 21. Let d(r) = -p(r) + 12*q(r). What is d(-13)?
6
Let n(v) be the second derivative of 25*v**4/6 - v**2/2 - 149*v - 2. Determine n(-1).
49
Let x(f) = 3*f + 2. Let v(t) be the third derivative of t**4/6 + t**3/3 - 10*t**2. Let d(i) = -4*v(i) + 5*x(i). What is d(-2)?
4
Let r(q) be the second derivative of -q**4/12 - 5*q**3/6 - 3*q**2/2 - q. Let s(k) = -2*k + 3. Let x be s(0). Let g be (-2)/(-4)*(-5 - x). Give r(g).
1
Let x(s) = -s - 7. Let g be 672/7 + (-6)/(-2). Suppose -5*w - 3*i =